{"id":6,"date":"2022-09-06T10:40:17","date_gmt":"2022-09-06T10:40:17","guid":{"rendered":"https:\/\/www.jolana-krizkovska.space\/?page_id=6"},"modified":"2022-09-12T12:51:33","modified_gmt":"2022-09-12T12:51:33","slug":"otevira-se-nove-umoma-2","status":"publish","type":"page","link":"https:\/\/www.jolana-krizkovska.space\/","title":{"rendered":"Jolana K\u0159\u00ed\u017ekovsk\u00e1"},"content":{"rendered":"\n<div class=\"wp-block-group alignwide\"><div class=\"wp-block-group__inner-container is-layout-flow wp-block-group-is-layout-flow\">\n<h2 class=\"has-text-align-center wp-block-heading\">Rozcestn\u00edk<\/h2>\n<\/div><\/div>\n\n\n\n<div class=\"wp-block-columns alignwide is-layout-flex wp-container-core-columns-is-layout-9d6595d7 wp-block-columns-is-layout-flex\">\n<div class=\"wp-block-column is-layout-flow wp-block-column-is-layout-flow\">\n<div class=\"wp-block-group\"><div class=\"wp-block-group__inner-container is-layout-flow wp-block-group-is-layout-flow\">\n<div class=\"wp-block-cover alignfull\"><span aria-hidden=\"true\" class=\"wp-block-cover__background has-background-dim-20 has-background-dim\"><\/span><img decoding=\"async\" class=\"wp-block-cover__image-background wp-image-37\" alt=\"\" src=\"https:\/\/www.jolana-krizkovska.space\/wp-content\/themes\/twentytwenty\/assets\/images\/2020-three-quarters-1.png\" data-object-fit=\"cover\"\/><div class=\"wp-block-cover__inner-container is-layout-flow wp-block-cover-is-layout-flow\">\n<p class=\"has-text-align-center has-large-font-size\"><\/p>\n\n\n\n<h2 class=\"has-background-color has-text-color wp-block-heading\"><a href=\"http:\/\/www.facilitace.space\" target=\"_blank\" rel=\"noreferrer noopener\">FACILITACE<\/a><\/h2>\n\n\n\n<p class=\"has-large-font-size\">Snaz\u0161\u00ed cesta k c\u00edli<\/p>\n<\/div><\/div>\n\n\n<\/div><\/div>\n\n\n\n<div class=\"wp-block-group\"><div class=\"wp-block-group__inner-container is-layout-flow wp-block-group-is-layout-flow\">\n<div class=\"wp-block-cover alignfull\"><span aria-hidden=\"true\" class=\"wp-block-cover__background has-background-dim-20 has-background-dim\"><\/span><img decoding=\"async\" class=\"wp-block-cover__image-background wp-image-37\" alt=\"\" src=\"https:\/\/www.jolana-krizkovska.space\/wp-content\/themes\/twentytwenty\/assets\/images\/2020-three-quarters-3.png\" data-object-fit=\"cover\"\/><div class=\"wp-block-cover__inner-container is-layout-flow wp-block-cover-is-layout-flow\">\n<p class=\"has-text-align-center has-large-font-size\"><\/p>\n\n\n\n<h2 class=\"has-background-color has-text-color wp-block-heading\"><a href=\"http:\/\/www.krasosad.cz\" target=\"_blank\" rel=\"noreferrer noopener\">KRASOSAD<\/a><\/h2>\n\n\n\n<p class=\"has-large-font-size\">Byliny, poradenstv\u00ed, workshopy, exkurze<\/p>\n<\/div><\/div>\n\n\n<\/div><\/div>\n<\/div>\n\n\n\n<div class=\"wp-block-column is-layout-flow wp-block-column-is-layout-flow\">\n<div class=\"wp-block-group\"><div class=\"wp-block-group__inner-container is-layout-flow wp-block-group-is-layout-flow\">\n<div class=\"wp-block-cover alignfull\"><span aria-hidden=\"true\" class=\"wp-block-cover__background has-background-dim-20 has-background-dim\"><\/span><img decoding=\"async\" class=\"wp-block-cover__image-background wp-image-37\" alt=\"\" src=\"https:\/\/www.jolana-krizkovska.space\/wp-content\/themes\/twentytwenty\/assets\/images\/2020-three-quarters-2.png\" data-object-fit=\"cover\"\/><div class=\"wp-block-cover__inner-container is-layout-flow wp-block-cover-is-layout-flow\">\n<p class=\"has-text-align-center has-large-font-size\"><\/p>\n\n\n\n<h2 class=\"has-background-color has-text-color wp-block-heading\"><a href=\"https:\/\/www.jolana-krizkovska.space\/?page_id=97\" data-type=\"page\" data-id=\"97\">KNIHY<\/a><\/h2>\n\n\n\n<p class=\"has-large-font-size\">Od p\u00edsmene k vyd\u00e1n\u00ed<\/p>\n<\/div><\/div>\n\n\n<\/div><\/div>\n\n\n\n<div class=\"wp-block-group\"><div class=\"wp-block-group__inner-container is-layout-flow wp-block-group-is-layout-flow\">\n<div class=\"wp-block-cover alignfull\"><span aria-hidden=\"true\" class=\"wp-block-cover__background has-background-dim-20 has-background-dim\"><\/span><img decoding=\"async\" class=\"wp-block-cover__image-background wp-image-37\" alt=\"\" src=\"https:\/\/www.jolana-krizkovska.space\/wp-content\/themes\/twentytwenty\/assets\/images\/2020-three-quarters-4.png\" data-object-fit=\"cover\"\/><div class=\"wp-block-cover__inner-container is-layout-flow wp-block-cover-is-layout-flow\">\n<p class=\"has-text-align-center has-large-font-size\"><\/p>\n\n\n\n<h2 class=\"has-background-color has-text-color wp-block-heading\"><a href=\"http:\/\/www.pokojovkynataliri.cz\" target=\"_blank\" rel=\"noreferrer noopener\">POKOJOVKY PRO ZDRAV\u00cd<\/a><\/h2>\n\n\n\n<p class=\"has-large-font-size\">L\u00e9\u010div\u00e9 a jedl\u00e9 pokojov\u00e9 rostliny<\/p>\n<\/div><\/div>\n\n\n<\/div><\/div>\n<\/div>\n<\/div>\n","protected":false},"excerpt":{"rendered":"<p>Rozcestn\u00edk<\/p>\n","protected":false},"author":1,"featured_media":0,"parent":0,"menu_order":0,"comment_status":"closed","ping_status":"closed","template":"","meta":{"footnotes":""},"class_list":["post-6","page","type-page","status-publish","hentry"],"_links":{"self":[{"href":"https:\/\/www.jolana-krizkovska.space\/index.php?rest_route=\/wp\/v2\/pages\/6","targetHints":{"allow":["GET"]}}],"collection":[{"href":"https:\/\/www.jolana-krizkovska.space\/index.php?rest_route=\/wp\/v2\/pages"}],"about":[{"href":"https:\/\/www.jolana-krizkovska.space\/index.php?rest_route=\/wp\/v2\/types\/page"}],"author":[{"embeddable":true,"href":"https:\/\/www.jolana-krizkovska.space\/index.php?rest_route=\/wp\/v2\/users\/1"}],"replies":[{"embeddable":true,"href":"https:\/\/www.jolana-krizkovska.space\/index.php?rest_route=%2Fwp%2Fv2%2Fcomments&post=6"}],"version-history":[{"count":16,"href":"https:\/\/www.jolana-krizkovska.space\/index.php?rest_route=\/wp\/v2\/pages\/6\/revisions"}],"predecessor-version":[{"id":104,"href":"https:\/\/www.jolana-krizkovska.space\/index.php?rest_route=\/wp\/v2\/pages\/6\/revisions\/104"}],"wp:attachment":[{"href":"https:\/\/www.jolana-krizkovska.space\/index.php?rest_route=%2Fwp%2Fv2%2Fmedia&parent=6"}],"curies":[{"name":"wp","href":"https:\/\/api.w.org\/{rel}","templated":true}]}}